{"id":577,"date":"2020-10-02T11:53:36","date_gmt":"2020-10-02T11:53:36","guid":{"rendered":"https:\/\/spirtuba.ch\/flavio\/?page_id=577"},"modified":"2026-04-10T16:08:11","modified_gmt":"2026-04-10T16:08:11","slug":"info","status":"publish","type":"page","link":"https:\/\/spirtuba.ch\/flavio\/","title":{"rendered":""},"content":{"rendered":"\n<div class=\"wp-block-columns is-layout-flex wp-container-core-columns-is-layout-9d6595d7 wp-block-columns-is-layout-flex\">\n<div class=\"wp-block-column is-layout-flow wp-block-column-is-layout-flow\" style=\"flex-basis:45%\">\n<p class=\"has-text-align-right\"><strong>flavio Spirgi<\/strong><br>tuba<\/p>\n\n\n\n<p class=\"has-text-align-right\"><strong>kl\u00e4nge<\/strong><br><a href=\"https:\/\/spirtuba.ch\/flavio\/blasnost\/\" data-type=\"page\" data-id=\"564\">blasnost<\/a><br><a href=\"https:\/\/spirtuba.ch\/flavio\/blax\/\" data-type=\"page\" data-id=\"2006\">blax<\/a><\/p>\n\n\n\n<p class=\"has-text-align-right\"><strong>kontakt<\/strong><br>078 878 05 31 (AB)<br><a href=\"mailto:flavio@spirtuba.ch\">email<\/a><br><a href=\"https:\/\/bsky.app\/profile\/fstuba.bsky.social\" target=\"_blank\" rel=\"noreferrer noopener\">bluesky<\/a><br><a href=\"https:\/\/www.linkedin.com\/in\/flavio-spirgi-470b2884\" target=\"_blank\" rel=\"noreferrer noopener\">linkedin<\/a><\/p>\n\n\n\n<p class=\"has-text-align-right\"><a href=\"https:\/\/spirtuba.ch\/flavio\/datenschutzerklaerung\/\">datenschutzerkl\u00e4rung<\/a><\/p>\n\n\n<div class=\"wp-block-image is-style-rounded\">\n<figure class=\"alignright size-full is-resized\"><img loading=\"lazy\" decoding=\"async\" width=\"933\" height=\"1280\" src=\"https:\/\/spirtuba.ch\/flavio\/wp-content\/uploads\/2026\/01\/IMG_0287.jpeg\" alt=\"\" class=\"wp-image-2738\" style=\"aspect-ratio:1;object-fit:cover;width:90px\" srcset=\"https:\/\/spirtuba.ch\/flavio\/wp-content\/uploads\/2026\/01\/IMG_0287.jpeg 933w, https:\/\/spirtuba.ch\/flavio\/wp-content\/uploads\/2026\/01\/IMG_0287-219x300.jpeg 219w, https:\/\/spirtuba.ch\/flavio\/wp-content\/uploads\/2026\/01\/IMG_0287-746x1024.jpeg 746w, https:\/\/spirtuba.ch\/flavio\/wp-content\/uploads\/2026\/01\/IMG_0287-768x1054.jpeg 768w\" sizes=\"auto, (max-width: 933px) 100vw, 933px\" \/><\/figure>\n<\/div><\/div>\n\n\n\n<div class=\"wp-block-column is-layout-flow wp-block-column-is-layout-flow\" style=\"flex-basis:30%\">\n<p><strong>2. mai 2026<\/strong><br><a href=\"https:\/\/www.hsgalumnisymphonyorchestra.com\/\" target=\"_blank\" rel=\"noreferrer noopener\">hsg aso<\/a><br>Werke von Bellini, Holst und Dvo\u0159\u00e1k<br>Kirche Neum\u00fcnster, Z\u00fcrich<br>19:30 Uhr<\/p>\n\n\n\n<p><strong>3. mai 2026<\/strong><br><a href=\"https:\/\/www.hsgalumnisymphonyorchestra.com\/\" target=\"_blank\" rel=\"noreferrer noopener\">hsg aso<\/a><br>Werke von Bellini, Holst und Dvo\u0159\u00e1k<br>Tonhalle St. Gallen<br>17:00 Uhr<\/p>\n\n\n\n<p><strong>9. mai 2026<\/strong><br><a href=\"https:\/\/www.blasnost.ch\/extern\/\" data-type=\"link\" data-id=\"https:\/\/www.blasnost.ch\/extern\/\" target=\"_blank\" rel=\"noreferrer noopener\">blasnost<\/a><br>Geierhals &amp; Ellington, Part 2<br><a href=\"https:\/\/www.kunstundphilosophie.ch\/\" target=\"_blank\" rel=\"noreferrer noopener\">Atelier f\u00fcr Kunst und Philosophie<\/a><br>Albisriederstrasse 162, Z\u00fcrich<br>20:00 Uhr<\/p>\n\n\n\n<p><strong>28. juni 2026<\/strong><br><a href=\"https:\/\/sixpack-stompers.ch\/jazz\/\" data-type=\"link\" data-id=\"https:\/\/sixpack-stompers.ch\/jazz\/\" target=\"_blank\" rel=\"noreferrer noopener\">Sixpack-Stompers<\/a><br>Beachgottesdienst im Glattpark Opfikon <br>(beim Beachvolleyballfeld)<br>10:00 &#8211; 11:00 Uhr Gottesdienst<br>Ab 11:00 Uhr Konzert<\/p>\n\n\n\n<p><strong>17. Oktober 2026<\/strong><br><a href=\"https:\/\/www.blasnost.ch\/extern\/\" data-type=\"link\" data-id=\"https:\/\/www.blasnost.ch\/extern\/\" target=\"_blank\" rel=\"noreferrer noopener\">blasnost<\/a><br><a href=\"https:\/\/www.lamarotte.ch\" data-type=\"link\" data-id=\"https:\/\/www.lamarotte.ch\" target=\"_blank\" rel=\"noreferrer noopener\">La Marotte<\/a><br>Centralweg 10, Affoltern am Albis<br>20:15 Uhr<\/p>\n\n\n\n<p><strong>25. februar 2027<\/strong><br><a href=\"https:\/\/www.blasnost.ch\/extern\/\" data-type=\"link\" data-id=\"https:\/\/www.blasnost.ch\/extern\/\" target=\"_blank\" rel=\"noreferrer noopener\">blasnost<\/a><br>M\u00fclibar<br>Hausen am Albis<\/p>\n\n\n\n<p>Alle Konzerte abonnieren: <a href=\"https:\/\/sync.infomaniak.com\/calendars\/FS06664\/09b3a355-3ef3-410a-a336-1eaa43392b7e?export\" target=\"_blank\" rel=\"noreferrer noopener nofollow\">\ud83d\udcc5<\/a><\/p>\n<\/div>\n<\/div>\n\n\n\n<p><\/p>\n","protected":false},"excerpt":{"rendered":"<p>flavio Spirgituba kl\u00e4ngeblasnostblax kontakt078 878 05 31 (AB)emailblueskylinkedin datenschutzerkl\u00e4rung 2. mai 2026hsg asoWerke von Bellini, Holst und Dvo\u0159\u00e1kKirche Neum\u00fcnster, Z\u00fcrich19:30 Uhr 3. mai 2026hsg asoWerke von Bellini, Holst und Dvo\u0159\u00e1kTonhalle St. Gallen17:00 Uhr 9. mai 2026blasnostGeierhals &amp; Ellington, Part 2Atelier f\u00fcr Kunst und PhilosophieAlbisriederstrasse 162, Z\u00fcrich20:00 Uhr 28. juni 2026Sixpack-StompersBeachgottesdienst im Glattpark Opfikon (beim Beachvolleyballfeld)10:00 &#8230; <a class=\"read-more\" href=\"https:\/\/spirtuba.ch\/flavio\/\">Weiterlesen<\/a><\/p>\n","protected":false},"author":1,"featured_media":0,"parent":0,"menu_order":0,"comment_status":"closed","ping_status":"closed","template":"","meta":{"footnotes":""},"class_list":["post-577","page","type-page","status-publish","hentry"],"_links":{"self":[{"href":"https:\/\/spirtuba.ch\/flavio\/wp-json\/wp\/v2\/pages\/577","targetHints":{"allow":["GET"]}}],"collection":[{"href":"https:\/\/spirtuba.ch\/flavio\/wp-json\/wp\/v2\/pages"}],"about":[{"href":"https:\/\/spirtuba.ch\/flavio\/wp-json\/wp\/v2\/types\/page"}],"author":[{"embeddable":true,"href":"https:\/\/spirtuba.ch\/flavio\/wp-json\/wp\/v2\/users\/1"}],"replies":[{"embeddable":true,"href":"https:\/\/spirtuba.ch\/flavio\/wp-json\/wp\/v2\/comments?post=577"}],"version-history":[{"count":141,"href":"https:\/\/spirtuba.ch\/flavio\/wp-json\/wp\/v2\/pages\/577\/revisions"}],"predecessor-version":[{"id":2769,"href":"https:\/\/spirtuba.ch\/flavio\/wp-json\/wp\/v2\/pages\/577\/revisions\/2769"}],"wp:attachment":[{"href":"https:\/\/spirtuba.ch\/flavio\/wp-json\/wp\/v2\/media?parent=577"}],"curies":[{"name":"wp","href":"https:\/\/api.w.org\/{rel}","templated":true}]}}

<div class="wp-block-columns is-layout-flex wp-container-core-columns-is-layout-9d6595d7 wp-block-columns-is-layout-flex">
<div class="wp-block-column is-layout-flow wp-block-column-is-layout-flow" style="flex-basis:45%">
<p class="has-text-align-right"><strong>flavio Spirgi</strong><br>tuba</p>



<p class="has-text-align-right"><strong>klänge</strong><br><a href="https://spirtuba.ch/flavio/blasnost/" data-type="page" data-id="564">blasnost</a><br><a href="https://spirtuba.ch/flavio/blax/" data-type="page" data-id="2006">blax</a></p>



<p class="has-text-align-right"><strong>kontakt</strong><br>078 878 05 31 (AB)<br><a href="mailto:flavio@spirtuba.ch">email</a><br><a href="https://bsky.app/profile/fstuba.bsky.social" target="_blank" rel="noreferrer noopener">bluesky</a><br><a href="https://www.linkedin.com/in/flavio-spirgi-470b2884" target="_blank" rel="noreferrer noopener">linkedin</a></p>



<p class="has-text-align-right"><a href="https://spirtuba.ch/flavio/datenschutzerklaerung/">datenschutzerklärung</a></p>


<div class="wp-block-image is-style-rounded">
<figure class="alignright size-full is-resized"><img loading="lazy" decoding="async" width="933" height="1280" src="https://spirtuba.ch/flavio/wp-content/uploads/2026/01/IMG_0287.jpeg" alt="" class="wp-image-2738" style="aspect-ratio:1;object-fit:cover;width:90px" srcset="https://spirtuba.ch/flavio/wp-content/uploads/2026/01/IMG_0287.jpeg 933w, https://spirtuba.ch/flavio/wp-content/uploads/2026/01/IMG_0287-219x300.jpeg 219w, https://spirtuba.ch/flavio/wp-content/uploads/2026/01/IMG_0287-746x1024.jpeg 746w, https://spirtuba.ch/flavio/wp-content/uploads/2026/01/IMG_0287-768x1054.jpeg 768w" sizes="auto, (max-width: 933px) 100vw, 933px" /></figure>
</div></div>



<div class="wp-block-column is-layout-flow wp-block-column-is-layout-flow" style="flex-basis:30%">
<p><strong>2. mai 2026</strong><br><a href="https://www.hsgalumnisymphonyorchestra.com/" target="_blank" rel="noreferrer noopener">hsg aso</a><br>Werke von Bellini, Holst und Dvořák<br>Kirche Neumünster, Zürich<br>19:30 Uhr</p>



<p><strong>3. mai 2026</strong><br><a href="https://www.hsgalumnisymphonyorchestra.com/" target="_blank" rel="noreferrer noopener">hsg aso</a><br>Werke von Bellini, Holst und Dvořák<br>Tonhalle St. Gallen<br>17:00 Uhr</p>



<p><strong>9. mai 2026</strong><br><a href="https://www.blasnost.ch/extern/" data-type="link" data-id="https://www.blasnost.ch/extern/" target="_blank" rel="noreferrer noopener">blasnost</a><br>Geierhals &amp; Ellington, Part 2<br><a href="https://www.kunstundphilosophie.ch/" target="_blank" rel="noreferrer noopener">Atelier für Kunst und Philosophie</a><br>Albisriederstrasse 162, Zürich<br>20:00 Uhr</p>



<p><strong>28. juni 2026</strong><br><a href="https://sixpack-stompers.ch/jazz/" data-type="link" data-id="https://sixpack-stompers.ch/jazz/" target="_blank" rel="noreferrer noopener">Sixpack-Stompers</a><br>Beachgottesdienst im Glattpark Opfikon <br>(beim Beachvolleyballfeld)<br>10:00 &#8211; 11:00 Uhr Gottesdienst<br>Ab 11:00 Uhr Konzert</p>



<p><strong>17. Oktober 2026</strong><br><a href="https://www.blasnost.ch/extern/" data-type="link" data-id="https://www.blasnost.ch/extern/" target="_blank" rel="noreferrer noopener">blasnost</a><br><a href="https://www.lamarotte.ch" data-type="link" data-id="https://www.lamarotte.ch" target="_blank" rel="noreferrer noopener">La Marotte</a><br>Centralweg 10, Affoltern am Albis<br>20:15 Uhr</p>



<p><strong>25. februar 2027</strong><br><a href="https://www.blasnost.ch/extern/" data-type="link" data-id="https://www.blasnost.ch/extern/" target="_blank" rel="noreferrer noopener">blasnost</a><br>Mülibar<br>Hausen am Albis</p>



<p>Alle Konzerte abonnieren: <a href="https://sync.infomaniak.com/calendars/FS06664/09b3a355-3ef3-410a-a336-1eaa43392b7e?export" target="_blank" rel="noreferrer noopener nofollow">📅</a></p>
</div>
</div>



<p></p>

<p>flavio Spirgituba klängeblasnostblax kontakt078 878 05 31 (AB)emailblueskylinkedin datenschutzerklärung 2. mai 2026hsg asoWerke von Bellini, Holst und DvořákKirche Neumünster, Zürich19:30 Uhr 3. mai 2026hsg asoWerke von Bellini, Holst und DvořákTonhalle St. Gallen17:00 Uhr 9. mai 2026blasnostGeierhals &amp; Ellington, Part 2Atelier für Kunst und PhilosophieAlbisriederstrasse 162, Zürich20:00 Uhr 28. juni 2026Sixpack-StompersBeachgottesdienst im Glattpark Opfikon (beim Beachvolleyballfeld)10:00 &#8230; <a class="read-more" href="https://spirtuba.ch/flavio/">Weiterlesen</a></p>
